11113 a multiple of 999?
False
Is 203 a factor of 64198750?
True
Is 205 a factor of 483054624?
False
Is 86394362 a multiple of 142?
True
Does 1280 divide 33417395?
False
Does 198 divide 85276818?
True
Is 4498713350 a multiple of 50?
True
Is 303 a factor of 141099525?
True
Is 100 a factor of 7043967?
False
Is 125639907 a multiple of 7?
False
Is 58175913 a multiple of 22?
False
Is 3383 a factor of 105739048?
True
Does 119 divide 124471977?
True
Is 1427133800 a multiple of 3?
False
Is 15652816 a multiple of 856?
True
Is 11 a factor of 420792787?
False
Does 1356 divide 54042647?
False
Does 1610 divide 85771140?
True
Is 1080072200 a multiple of 8675?
True
Is 9 a factor of 700645525?
False
Is 1798353657 a multiple of 861?
False
Does 12091 divide 6021318?
True
Is 3614337812 a multiple of 604?
True
Does 3312 divide 24227280?
True
Is 23981385 a multiple of 545?
False
Does 74 divide 14316262?
True
Is 278132186 a multiple of 62?
True
Is 559 a factor of 117231954?
False
Does 48 divide 120743590?
False
Is 17 a factor of 60375347?
True
Is 374 a factor of 10694876?
False
Is 902 a factor of 198743072?
True
Is 1715729713 a multiple of 377?
False
Is 50444100 a multiple of 2669?
True
Is 352118228 a multiple of 242?
True
Is 10 a factor of 34312751?
False
Is 40 a factor of 49373110?
False
Does 47 divide 4788501?
True
Is 263 a factor of 35131403?
False
Is 191 a factor of 276709681?
False
Is 2123348702 a multiple of 23?
False
Is 404945087 a multiple of 6498?
False
Does 9 divide 81080995?
False
Does 621 divide 3956637?
False
Is 125 a factor of 6436754?
False
Does 5 divide 8898876?
False
Is 59777220 a multiple of 12?
True
Is 1010536 a multiple of 71?
False
Is 675 a factor of 32748975?
True
Does 21 divide 409929648?
False
Is 192633375 a multiple of 615?
True
Does 747 divide 20848023?
True
Is 34182576 a multiple of 6?
True
Is 224 a factor of 14007168?
True
Does 239 divide 1022322734?
False
Does 3259 divide 337759149?
False
Is 5443263 a multiple of 2?
False
Is 149 a factor of 486795963?
True
Does 602 divide 60324383?
False
Does 11085 divide 1717768349?
False
Is 2 a factor of 159945547?
False
Is 268 a factor of 444247564?
False
Does 190 divide 249084489?
False
Does 112 divide 17810912?
True
Does 137 divide 11711081?
False
Is 2498 a factor of 62355076?
True
Is 1480 a factor of 16107285?
False
Does 267 divide 4162248?
False
Does 165 divide 43149315?
True
Is 2148620320 a multiple of 7504?
True
Is 164755793 a multiple of 194?
False
Is 239953347 a multiple of 409?
True
Is 150257700 a multiple of 2204?
True
Is 2616 a factor of 46761000?
True
Does 263 divide 4635846033?
True
Is 94 a factor of 9698262?
True
Is 2001 a factor of 86673480?
False
Is 1391409076 a multiple of 37?
False
Is 786067237 a multiple of 18?
False
Is 43 a factor of 19053197?
False
Is 12 a factor of 365846369?
False
Is 5120 a factor of 349992960?
True
Is 5 a factor of 22925639?
False
Is 46162834 a multiple of 1027?
False
Does 11 divide 16664252?
True
Is 1479 a factor of 13251840?
True
Is 24360574 a multiple of 40?
False
Is 505559460 a multiple of 2261?
False
Does 106 divide 3110898600?
True
Is 1163922634 a multiple of 38?
True
Does 167 divide 412971461?
True
Is 43 a factor of 331961897?
False
Is 267 a factor of 20339239?
False
Is 5135250 a multiple of 16?
False
Is 2 a factor of 8693730?
True
Is 57 a factor of 1024653621?
False
Is 1226 a factor of 63938352?
True
Is 502 a factor of 4261203123?
False
Is 278750083 a multiple of 87?
False
Is 652 a factor of 20005428?
False
Is 1139215812 a multiple of 7?
True
Does 29 divide 1364286059?
False
Is 460 a factor of 37756089?
False
Is 26673024 a multiple of 28?
True
Is 14600684 a multiple of 28?
True
Does 26 divide 48687314?
True
Is 1360534 a multiple of 98?
True
Is 70602345 a multiple of 473?
True
Is 1513 a factor of 63624676?
True
Is 27 a factor of 1904508459?
False
Is 47079725 a multiple of 55?
True
Is 20 a factor of 858120873?
False
Is 87 a factor of 3893073?
False
Does 4 divide 7917714?
False
Is 93817108 a multiple of 484?
True
Is 306 a factor of 37453388?
False
Is 182761973 a multiple of 293?
True
Does 769 divide 5001018475?
True
Is 13 a factor of 24451875?
False
Is 7 a factor of 178022424?
False
Does 45 divide 17628686?
False
Is 249645939 a multiple of 788?
False
Does 24 divide 70096272?
True
Is 2821 a factor of 35881457?
False
Does 356 divide 209318032?
True
Is 276 a factor of 183936007?
False
Does 20 divide 10237154?
False
Does 8 divide 48729616?
True
Is 99805547 a multiple of 243?
False
Is 4140120139 a multiple of 111?
False
Does 25 divide 288357486?
False
Is 567328258 a multiple of 19?
True
Does 80 divide 2316819?
False
Is 250056141 a multiple of 25?
False
Is 61091560 a multiple of 1292?
False
Does 800 divide 70860000?
True
Does 9 divide 5620599?
True
Is 22 a factor of 6563412?
False
Is 1497343718 a multiple of 11479?
True
Does 862 divide 14909649?
False
Is 7319010 a multiple of 85?
True
Is 37256806 a multiple of 6?
False
Does 3 divide 2557914?
True
Does 187 divide 231910107?
True
Does 4028 divide 154522136?
True
Is 7585 a factor of 1356471060?
True
Does 11 divide 13732055?
False
Is 869 a factor of 170960204?
False
Does 285 divide 375484365?
True
Does 90 divide 4621463?
False
Does 853 divide 38054036?
True
Is 133 a factor of 58547126?
False
Is 84906000 a multiple of 267?
True
Does 29 divide 513213530?
False
Is 3 a factor of 2828519?
False
Is 11 a factor of 12343298?
True
Does 9 divide 13885974?
True
Is 952005 a multiple of 6?
False
Is 18 a factor of 99894?
False
Does 49 divide 188929006?
True
Is 2216 a factor of 72263760?
True
Does 3 divide 1636730585?
False
Does 52 divide 3287128?
True
Does 2639 divide 2150346926?
True
Does 76 divide 3549506?
False
Does 6 divide 457143651?
False
Does 606 divide 21133142?
False
Is 23 a factor of 53851740?
True
Does 110 divide 471027612?
False
Does 518 divide 66160514?
True
Is 5 a factor of 24673871?
False
Is 141526385 a multiple of 77?
True
Is 1286 a factor of 10499961?
False
Is 18512750 a multiple of 50?
True
Does 36 divide 50570244?
True
Does 155 divide 3802917405?
True
Is 200799883 a multiple of 32?
False
Does 46 divide 43406179?
False
Does 1099 divide 290055773?
True
Does 332 divide 2693994582?
False
Is 112545840 a multiple of 132?
True
Is 73492111 a multiple of 11?
True
Is 10 a factor of 3843080516?
False
Is 24573289 a multiple of 21?
False
Is 141412800 a multiple of 4925?
False
Is 5095524 a multiple of 21?
True
Is 369062620 a multiple of 379?
True
Is 106 a factor of 4808314284?
False
Is 374 a factor of 1402490487?
False
Is 384108522 a multiple of 2953?
True
Is 58886984 a multiple of 1781?
True
Does 37 divide 3163113?
False
Does 9 divide 426542994?
True
Is 2 a factor of 39192666?
True
Is 711560 a multiple of 10?
True
Does 63 divide 42942092?
False
Does 124 divide 1178805628?
True
Does 1710 divide 3815851320?
True
Is 6013719475 a multiple of 9353?
False
Is 1190727472 a multiple of 5104?
True
Does 205 divide 180949400?
True
Is 1050022732 a multiple of 31?
False
Is 1150314554 a multiple of 34?
True
Does 13 divide 95737343?
True
Does 71 divide 20651841?
True
Is 1489649900 a multiple of 1732?
True
Is 850425442 a multiple of 14?
False
Is 3 a factor of 14911431?
True
Is 3237025231 a multiple of 17?
False
Is 459 a factor of 93991725?
True
Does 2523 divide 950261998?
False
Is 17523072 a multiple of 2016?
True
Is 525338145 a multiple of 1621?
False
Does 7 divide 42613368?
True
Is 480 a factor of 48453120?
True
Is 39 a factor of 483141048?
True
Is 11 a factor of 47645334?
True
Is 147484593 a multiple of 19?
True
Is 32552624 a multiple of 1510?
False
Is 291 a factor of 150019230?
True
Does 4 divide 89428428?
True
Is 392627712 a multiple of 244?
False
Is 294 a factor of 41560059?
False
Is 255 a factor of 19111740?
True
Does 33 divide 490638390?
True
Is 10 a factor of 240376944?
False
Does 96 divide 14513853?
False
Does 39 divide 363534953?
False
Does 27 divide 19020042?
True
Is 7242342 a multiple of 110?
False
Does 1378 divide 72466651?
False
Is 881647438 a multiple of 15?
False
Is 51741816 a multiple of 12?
True
Is 1062 a factor of 193072662?
True
Does 194 divide 511355904?
False
Is 4311662 a multiple of 115?
False
Is 588462305 a multiple of 260?
False
Is 16 a factor of 457690784?
True
Is 24060349 a multiple of 2123?
False
Is 2945 